Suppose 46 - 159 = 13*a - 1673. Let r be (2/(-4))/(2/16). Let n(q) = q**3 + 5*q**2 + q + 3. Let f be n(r). What is the highest common factor of a and f?
15
Let p be ((-9)/(-6))/3*0. Suppose 112 = 4*f - p*f. Let v be (-2 - 1) + 3 + (-1 - -29). What is the highest common factor of f and v?
28
Let x(o) = -227*o - 7. Let z be x(-1). Let r = 313 - z. Calculate the greatest common factor of 31 and r.
31
Suppose 5*n + 15 = 0, -39*c - 2*n = -34*c - 17539. Calculate the highest common factor of 121 and c.
121
Suppose 3*l - 1198 = 2*j + 38, 0 = -2*l + 5*j + 813. What is the greatest common factor of 18 and l?
18
Suppose -2*j = 4*z - 46, 2*j - 3*z = 5*j - 63. Suppose -j - 135 = -t. What is the highest common factor of t and 14?
14
Let g = -1 - -6. Suppose g*j + 38 = -62. Let r = -14 - j. Calculate the highest common factor of r and 54.
6
Let p = 6 + -10. Let d = 13 + p. Let i be (3 - (3 + -2)) + 25. What is the highest common divisor of i and d?
9
Suppose -c + 3*c - 5*s + 11 = 0, 2*c + 4*s - 34 = 0. Suppose c*i - 6270 = 2*i. Suppose -4*b - 354 = -i. What is the highest common factor of 25 and b?
25
Suppose o = -4*m - 0*m + 7, 4*m - 5 = -3*o. Suppose -m*z + 863 - 277 = 0. Let w = -172 + z. Calculate the highest common divisor of 11 and w.
11
Suppose 7*v = -243 + 1076. Calculate the highest common divisor of v and 187.
17
Let r be (-6)/6*-80 + -3. What is the greatest common divisor of 44 and r?
11
Suppose q - 38 = -3*r, 2*q - 4*q = -5*r - 98. Suppose 16*l + 16*l = -4*l + 396. What is the highest common divisor of l and q?
11
Let p = 17 - 12. Let o(b) = 2*b + 12. Let h be o(p). What is the highest common factor of 11 and h?
11
Let l(h) = h**2 + 16*h - 110. Let s be l(-23). What is the highest common factor of 85 and s?
17
Let w = 572 - 564. What is the greatest common factor of w and 44?
4
Suppose 36*m - 633 - 303 = 0. Let b(g) = -g**3 + g**2 - 5*g + 4. Let r be b(3). Let h = 68 + r. Calculate the greatest common divisor of h and m.
13
Suppose 2*x = -4*x + 378. Calculate the highest common factor of x and 54.
9
Let n be 5 + -11 + 7 + 289. Calculate the highest common factor of n and 406.
58
Let q be 2/(-4) + 3185/14. Suppose -5*l = -213 - q. Let j be l/6 - 2/(-6). What is the greatest common factor of 105 and j?
15
Suppose 19*v - 10342 + 3027 = 0. Calculate the highest common divisor of 70 and v.
35
Suppose -7960 = -43*s + 3908. Calculate the greatest common factor of 368 and s.
92
Let x = -13 + 26. Suppose -2*a + 50 = 3*a. Let g(d) = 10*d - 9. Let b be g(a). Calculate the highest common divisor of x and b.
13
Suppose 5*y - 440 = -0*y. Suppose 0 = 8*m - 4*m - 44. Let p = 0 + m. Calculate the highest common divisor of p and y.
11
Let c = 107 + -103. Suppose r + 5*x - 16 = 0, 4*r = 2*x + 64 - 0. Calculate the highest common factor of r and c.
4
Let l = 11 + 4. Let j(k) = k**2 - 105*k - 535. Let p be j(-5). Calculate the greatest common divisor of l and p.
15
Let a be (-30)/(-90) - (-222)/9. What is the greatest common factor of 300 and a?
25
Suppose 349 = 37*p - 539. Suppose 3*d + 106 - 754 = 0. Calculate the highest common factor of p and d.
24
Suppose -g - 212 = -5*g. Let r = 63 + g. Suppose 5*y - 227 = c - 83, 0 = -5*y - c + 146. What is the highest common factor of r and y?
29
Suppose 0 = 3*n + 9, -5*a - 3*n = 669. Let i = 252 + a. Calculate the greatest common factor of 30 and i.
30
Let y(c) = -1 - 9 + 3*c - 2 + 0*c. Suppose -4*f = 0, 2*u + 3*f - 12 - 4 = 0. Let s be y(u). Calculate the greatest common divisor of s and 48.
12
Suppose 7*j = j - 60. Let f(s) = 2*s**2 - 5*s - 8. Let k be f(j). Let c = 20 - -2. What is the highest common divisor of k and c?
22
Let f = 73 - -279. Calculate the highest common factor of 128 and f.
32
Let r(s) = -s**3 + 2*s**2 + 13*s + 10. Let f be r(5). Let g be (f + 10/3)/((-54)/(-972)). Calculate the greatest common factor of 24 and g.
12
Suppose 59*k = 55*k + 544. Calculate the highest common factor of 128 and k.
8
Let r be 9/(-6) - 7215/(-10). Calculate the greatest common factor of r and 12.
12
Suppose 0 = 3*h - 5*h + 4. Suppose h*a - 54 = -a. What is the greatest common divisor of 9 and a?
9
Let a(n) = 4 + 4*n**2 + 7*n**2 - 2*n - 1 - 2*n**3 - 4. Let b be a(5). Calculate the highest common factor of b and 21.
7
Suppose -g + 2*g = 5*d, 2*g = -d. Suppose g = 3*f - 15*y + 19*y - 13, 5*y + 36 = f. Calculate the highest common divisor of 55 and f.
11
Let a be (-4248)/(-162) - 2/9. Suppose -3*s + 65 = -2*s. What is the greatest common factor of a and s?
13
Suppose -4*k + 2*c - 1595 + 395 = 0, 5*k + 4*c + 1500 = 0. Let s = -174 - k. Calculate the greatest common factor of 84 and s.
42
Suppose 920 = -4*s + 12*s. Calculate the greatest common factor of s and 5.
5
Let l(o) = o**3 - 29*o**2 + 169*o + 3. Let a be l(21). What is the greatest common divisor of 198 and a?
6
Let i(w) = w**3 - w**2 - 6*w. Let l be i(3). Suppose l = m + 5*g + 3, 3*g = 5*m + 42 - 167. Calculate the highest common factor of m and 33.
11
Let d = 9 - 4. Let x be (44/10 + -2)*d. What is the greatest common factor of 3 and x?
3
Let p(q) = -4*q - 49. Let v be p(-13). Suppose v*f + 106 = 4*x + 4*f, -2*x - 2*f = -50. What is the greatest common factor of 54 and x?
27
Suppose 14*i - 22*i = -88. Suppose -36 = -4*j - 124. Let q = i - j. What is the greatest common divisor of 11 and q?
11
Suppose 0 = 19*g - 34*g + 195. Calculate the highest common factor of 2353 and g.
13
Suppose 7*q - 510 = -258. Calculate the greatest common divisor of q and 24.
12
Let u = -82 + 167. Calculate the greatest common divisor of 15 and u.
5
Let h be -4*(-231)/(-14)*21/(-18). Calculate the highest common divisor of h and 44.
11
Let y = 611 - 266. Suppose -v = 4*v - y. Let b = v + -36. Calculate the highest common factor of b and 11.
11
Let d be 0 + -12 + (-4 - -1). Let t = d - -39. Let n(f) = 2*f**2 - 2. Let x be n(-2). What is the greatest common factor of x and t?
6
Let m(x) = 3*x. Let n be m(1). Suppose n*r = -41 - 34. Let t = r + 44. Calculate the greatest common divisor of t and 190.
19
Let q = 10 + -8. Let k(f) = -6 - f**3 - 4*f**2 - 4*f**q + 16 + 3*f**2. Let m be k(-5). Calculate the greatest common divisor of 2 and m.
2
Let m(h) = 3*h**3 - h**2 + 18*h - 18. Let d be m(7). Calculate the greatest common factor of 408 and d.
136
Suppose 2*t = v + 3 + 40, -4*v - 154 = -2*t. Let p = 45 + v. Let g be 3 - (1*-2 + 4). Calculate the highest common divisor of g and p.
1
Suppose n + 443 = -d + 5*d, -d + 107 = -n. What is the highest common factor of 70 and d?
14
Let f = 137 - 98. Suppose 0 = v - 4*v + 30. Let i = f + v. Calculate the highest common divisor of 7 and i.
7
Suppose v - 12 = -2. Let o(x) = 130*x**2 - 2*x - 2. Let z be o(-1). What is the greatest common factor of v and z?
10
Suppose 51 - 42 = -3*o. Let v be (o*(-90)/(-27))/((-1)/4). What is the greatest common factor of 120 and v?
40
Let f be -6 - 200/(-35) - (-704)/14. Suppose 0 = -5*b - 35 + 135. What is the greatest common divisor of b and f?
10
Let x = 27 + -20. Let j(r) be the second derivative of r**4/12 - 5*r**3/6 + r**2/2 - r. Let s be j(5). Calculate the highest common factor of s and x.
1
Let i(g) = g**3 + 6*g**2 - 7*g - 8. Let j be i(-6). Let v = 98 - j. Suppose -34 = -2*h + v. Calculate the greatest common factor of 7 and h.
7
Let l be (21/6)/7 - (-1590)/4. Suppose -4*f = -70 - l. What is the highest common divisor of f and 13?
13
Suppose 5*b = -2*a - 2 - 2, -5*a - 10 = 5*b. Suppose b = 2*i + 2*i - 40. Suppose 0 = -p + 70 + i. What is the greatest common factor of p and 10?
10
Suppose -320 = -7*k + 6*k + 2*u, -4*u - 4 = 0. What is the highest common divisor of k and 6?
6
Suppose -2*h - 14 = -3*h. Suppose -g - 37 = -4*n, 2*n + g - h = 3*g. Calculate the greatest common factor of n and 6.
2
Suppose -3*d + 24 = -5*s, 3*s - 2*s + 4*d = 9. Let o(k) = k**2 + 6. Let t be o(s). Calculate the highest common divisor of t and 75.
15
Let i(p) = -p**3 + 21*p**2 - 20*p + 6. Suppose -5*c - 5 + 105 = 0. Let l be i(c). What is the greatest common factor of 66 and l?
6
Let i = -497 + 522. What is the greatest common factor of 25 and i?
25
Let i be 8/((-12)/(-3)) + 34. Let c = -34 + i. Calculate the highest common divisor of c and 6.
2
Suppose -5*t + 15 = -0*t. Suppose 4*r + 0 - 4 = 0, 601 = 5*c + r. Suppose -a - t*a = -c. What is th